-z**2 + 90*z + 629. Let n be p(90). Calculate the highest common factor of 74 and n.
37
Let c = 90 + -90. Suppose c = -9*b - 27 + 36. Calculate the greatest common divisor of b and 49.
1
Suppose 21*v - 24*v + 9 = 0. Suppose -v*d - 33 = -3*m, 0 = m - 4*d - 1 - 16. What is the highest common divisor of 144 and m?
9
Let y(b) = b + 6. Let h be y(-6). Suppose 2*q + 8 - 4 = h. Let w be 2*-5*q/10. Calculate the highest common divisor of w and 8.
2
Let z be (-3 + 2)*((-10)/4 - (-861)/(-14)). Let w be (2/6)/((-1)/(-6)). Suppose -w*d = -22 - 10. Calculate the greatest common factor of d and z.
16
Suppose 200 - 160 = 8*u. Suppose 84 = p - 3*l, -52 = -p - 0*p - u*l. Calculate the greatest common factor of p and 96.
24
Let c be (44 + -41)/((-12)/(-388)). Calculate the highest common factor of 4074 and c.
97
Let m = -206 + 206. Suppose m = 5*g - 20, 100 = -2*l + 6*l + g. Calculate the greatest common factor of l and 15.
3
Suppose 42*o - 13*o = 58. Suppose 0 = 3*x - p - 141, o*x = x - 3*p + 57. What is the highest common divisor of x and 168?
24
Let m(b) = 13*b**2 + 28*b - 473. Let i be m(17). Calculate the highest common divisor of 80 and i.
80
Let o(x) = -x**3 - 14*x**2 - x - 11. Let d be o(-14). Suppose -2*y + 90 = d*v, 3 = 2*y - 3. Calculate the greatest common divisor of v and 21.
7
Let j(i) = -10*i + 42. Let n be j(0). Calculate the highest common factor of 721 and n.
7
Suppose 601 - 7001 = -5*j. Calculate the highest common factor of j and 480.
160
Let d(o) = 4*o**2 + 90*o - 931. Let f be d(8). Let z(l) = -20*l. Let i be z(-1). Let w = i + -2. What is the highest common divisor of f and w?
9
Let n be (-1332)/12654 + (-4184)/(-38). What is the highest common divisor of n and 12914?
22
Suppose -5*a + 2*c = 15, -4*c = 4*a - 5 + 17. Let l be ((-84)/(-20) + a)/(3/15). Suppose l*m - 40 = m. What is the highest common factor of 32 and m?
8
Suppose f + 44 - 184 = 0. Let b(x) = 2765*x - 16485. Let v be b(6). What is the highest common factor of v and f?
35
Let i(u) = -u**2 + 78*u + 523. Let v be i(47). Calculate the greatest common divisor of v and 22.
22
Let p(f) = 64*f + 524. Let u be p(-8). Calculate the highest common factor of 2472 and u.
12
Let z(i) = 33 + 27 - 6*i - 7*i - i**2 - 2*i - 6*i. Let m be z(-16). What is the greatest common factor of 20 and m?
20
Let b be -3*(-20 - (-18 + -1)). Calculate the highest common factor of b and 239.
1
Let t = -14401 + 14477. Calculate the highest common factor of t and 418.
38
Let f be (0 + -4)*(-231)/308. Let w = 6 - 6. Suppose w*k - o - 116 = -2*k, -236 = -4*k + f*o. Calculate the highest common divisor of 16 and k.
8
Let j(h) = -8*h + 4. Let k be j(-4). Suppose 19 = x - 5*c, -4*c - 31 = -3*x - 7. Let s = x - -44. What is the greatest common factor of k and s?
12
Suppose 0 = 2*m + 5 + 33. Let s = 38 + m. Suppose -14*n - 1026 = -3154. Calculate the highest common factor of s and n.
19
Let l = 103 + -69. Let m be 438426/759 - 4/(-11). What is the highest common factor of l and m?
34
Let z be ((-1310)/(-15) - -5)*3*-1. Let f = z - -310. What is the greatest common divisor of 3 and f?
3
Suppose -656 = -549*m + 523*m + 800. Calculate the highest common factor of m and 154.
14
Let f(u) = 7*u**2 + 23*u + 3. Let m(g) = 11*g**2 + 35*g + 4. Let p(n) = 8*f(n) - 5*m(n). Let q be p(-12). What is the greatest common divisor of q and 30?
10
Let i = 16 + -5. Let d = -58 - 0. Let r be (-1 + 19)*(-319)/d. What is the greatest common divisor of i and r?
11
Let d(g) = -g**2 - 16*g + 9. Let q be d(-11). Let m = q + -37. Suppose -19*p + 24*p + 7 = 4*f, 2*f - 3 = 3*p. Calculate the greatest common divisor of m and f.
3
Suppose -584 = -7*c + 3*c. Suppose 0 = -3*h, c = 2*d + 5*h - 350. Calculate the greatest common divisor of d and 31.
31
Suppose -4*x + 8*x + 3*k - 3077 = 0, 2*k = -5*x + 3848. Let i(z) = -z**2 + 9*z + 8606. Let o be i(-88). Calculate the greatest common divisor of x and o.
70
Let i(d) = d**3 - 8*d**2 - 4*d - 1. Let t(q) = 2*q**2 - q + 1. Let j(p) = -i(p) - 2*t(p). Let m be j(-6). Calculate the highest common factor of 34 and m.
17
Let t = -303 + 312. Suppose s = -t*s + 80. Calculate the greatest common divisor of 20 and s.
4
Let q(w) = -w**3 - 42*w**2 + 38*w - 99. Let y be q(-43). Calculate the greatest common factor of 44 and y.
4
Suppose 28*z + 52 = 32*z. Suppose -16*f + 252 = -z*f. What is the highest common divisor of 60 and f?
12
Let h be (-12)/(-8)*(0 - (-12)/9). Let f be 457 + -7 + 1 + h. Suppose 5*g - 57 = f. What is the greatest common factor of 68 and g?
34
Suppose -276*d - 35198 + 92330 = 0. Calculate the greatest common divisor of d and 2507.
23
Suppose -4*f = -3*a + 546, -5*a + 280 = -0*f - 2*f. Let v = f - -260. Calculate the highest common divisor of 25 and v.
25
Suppose -227 + 684 = o + 241. Let y be (-6)/3 - 1 - -11. What is the highest common factor of o and y?
8
Suppose -3*t = -21 + 3. Let l(y) = -y**2 + 52*y + 6. Let g be l(13). Let i = g + -459. Calculate the greatest common divisor of i and t.
6
Let r = 69 - 139. Let g = -37 - r. Suppose 5*h - 6*h = -2*m + 38, m - g = -3*h. Calculate the highest common factor of m and 210.
21
Let m(s) = 18*s + 39. Let r be m(10). Let c = r - 93. Calculate the greatest common factor of c and 36.
18
Let o(b) = -47*b**3 - 7*b - 7 + 2*b**2 - 21*b**3 + 26*b**3. Let z be o(-1). What is the highest common factor of 99 and z?
11
Let p be 76284/63 - (-6)/(-7). What is the greatest common divisor of p and 110?
110
Let w = 97 + -97. Let q(p) = -4*p**2 - p + 204. Let y be q(w). Calculate the greatest common factor of 12 and y.
12
Suppose -3*b + 3 = 0, -b + 15 = -2*j + 62. Let u be ((-6)/(-8) - 6/j)*22. Suppose d = u - 0. What is the highest common factor of d and 22?
11
Suppose 4*j + 264 = 2*i, -4*i - 4*j + 219 + 285 = 0. Let h = i + -9. What is the highest common factor of h and 34?
17
Let j = 3212 + -2612. What is the greatest common factor of 180 and j?
60
Let q(i) = -3*i**2 - 172*i - 1757. Let b be q(-40). What is the highest common factor of b and 153?
17
Let l be (150/9)/(-4 - (-20)/6). Let w be 280/l*(-15)/6 - -2. Let u(g) = g**3 + 4*g**2 - 7*g. Let n be u(-5). What is the greatest common divisor of w and n?
10
Let w be (30/21)/(-2*8/(-280)). Calculate the highest common factor of 175 and w.
25
Suppose 4*u + 48 = 2*c, 231*u = 234*u + 3*c + 9. Let k be ((-44)/(-2) - 0) + -1. Let d be (6/u)/((-1)/k + 0). Calculate the highest common divisor of d and 42.
14
Let i = 5274 + -5264. Calculate the highest common divisor of 1970 and i.
10
Let c(l) = l**2 - 8*l - 6. Let g be c(9). Suppose -d + g*w = -33, w = d + 2*d - 123. Suppose 2*x = 9*x - d. Calculate the greatest common factor of 30 and x.
6
Let j be (-2489)/(-95) + 2*(-1)/10. Suppose -13*z + 3770 = j. What is the greatest common divisor of z and 36?
36
Let a be ((-4165)/(-1470))/((-1)/(-6)). What is the greatest common factor of 10727 and a?
17
Suppose 3*u = -s + 1173, 2*s - 1917 - 484 = 5*u. Suppose -26*m + s = -23*m. Let q be (2/(-4))/((-2)/(146 - 2)). What is the greatest common divisor of q and m?
36
Suppose 8*q = 32*q - 456. Let f be q + -15 - (16/1)/(-1). What is the greatest common factor of 5 and f?
5
Suppose -211 = -6*u + 77. Suppose 49*v - 6636 = 8064. What is the highest common divisor of v and u?
12
Let q = 4233 + -4217. Let b(l) = -135*l + 4. Let h be b(-4). Calculate the highest common factor of q and h.
16
Suppose -76*p + 61383 + 25789 = 0. Calculate the greatest common divisor of p and 555.
37
Let w = -12277 - -12306. Calculate the highest common factor of w and 8584.
29
Let m(w) = -2*w**2 - 47*w - 266. Let c be m(-8). Let q(k) = -k + 3. Let z be q(4). Let r be (-2)/((-12)/c)*z/3. Calculate the highest common divisor of r and 3.
1
Suppose 0 = 2*g + s - 244, -2*g + 49*s + 244 = 44*s. Calculate the highest common divisor of g and 61.
61
Let j = 178 + -176. Suppose 0 = -j*m + 14 + 376. What is the highest common divisor of 13 and m?
13
Suppose 12*l - 600 = -0*l. Suppose -4*v = -l - 70. Let k be -3 + (-2 - 45/(-1)). What is the greatest common factor of k and v?
10
Let x(q) = 590*q**2. Let w be x(-1). Suppose w = 5*b - 1005. Suppose -5*p = 4*y - 153, 0*p = 2*p + y - 60. What is the highest common divisor of b and p?
29
Suppose 4*t - 2*j - 176 = 0, t + 3*j = 2166 - 2178. Let k = 178 - 97. What is the greatest 